) = 7*o + 2 + 11*o**2 + 4 - o**3 - 4*o**2. Calculate n(8).
-2
Let q(l) = l**3 - l - 1. Let p(b) = 2*b**3 + 7*b**2 + 5*b + 2. Let o(r) = p(r) - q(r). Determine o(-6).
3
Let b(d) = -d + 6. Let v be b(4). Let p be 4 + -2 - (2 + -1). Let l(u) = 2 + p - v + 2*u. Give l(-1).
-1
Let q(h) = -3 + 4*h + 9*h**2 + 3*h - h + 0. Let v(o) = -o**2 - o + 1. Let r(f) = -q(f) - 4*v(f). Determine r(-1).
-4
Let s be (-5 + 1)/(13 + -11). Let q(v) = -1 + 7*v - 6*v - 4*v. Give q(s).
5
Let v(h) = -2*h**3 - h**2 + h - 1. Suppose 12 = 5*t + 2. Suppose 0 = -5*l - 0*n - 2*n + 6, t*l = -3*n - 2. Suppose x = 3*x - l. What is v(x)?
-3
Let s(r) = r**3 - 3*r**2 + 2. Suppose 4*l - 17 + 5 = 0. Suppose y + 20 = l*y. Let p be (6/y)/(1/5). Give s(p).
2
Suppose 0 = 5*d - l - 17, 5*l - 35 = -d - 4*d. Let x be ((-2)/d)/(6/(-36)). Let r(z) = -z**3 + 5*z - 2. Give r(x).
-14
Let o(d) = -d**3 + 11*d**2 - 11*d + 8. Suppose 5*m + 15 = 2*f + f, -f + 2*m = -4. What is o(f)?
-2
Let l(i) be the second derivative of i**4/12 - i**3 + i**2 + i. Give l(3).
-7
Let d(v) be the third derivative of -v**5/60 + v**4/3 - 5*v**3/6 - 4*v**2. Let w(c) = 4 + c + 0*c - 3 - 2. Let p be w(6). What is d(p)?
10
Let h = 95 - 101. Let m(j) = -j - 1. Calculate m(h).
5
Let l(w) = 0 + 6*w - 1 - 3*w + 0. What is l(-3)?
-10
Let q = 15 - 15. Let x = 5 - 2. Suppose -x = -j - q*j. Let z(o) = -2*o**2 + 3*o + 2. Calculate z(j).
-7
Let q(t) = 2*t + t**3 + 3 - 2*t**2 - 3*t - 7*t**2 + 5*t**2. Calculate q(4).
-1
Let v be 1 - (-6)/(-3) - 2. Let j(k) = -k**3 - 2*k**2 + 3*k + 3. Give j(v).
3
Let y(u) = -19*u - 11. Let p(a) = -6*a - 4. Let v(l) = 8*p(l) - 3*y(l). Give v(1).
10
Let w(d) be the third derivative of d**4/24 - d**3/2 - 3*d**2. Suppose s = 4*q + 10, -q = 5*s - 0*q - 29. Suppose 2*p = 2 + s. What is w(p)?
1
Suppose -16 = 10*f - 8*f. Let w(x) = -x**3 - 8*x**2 + 10. Calculate w(f).
10
Let x(h) = h. Let c(a) = 3*a + 1. Let m(p) = c(p) + 2*x(p). Determine m(2).
11
Let l(w) = 2 + 3 + w**3 - 22 + 12 + 6*w**2. Calculate l(-6).
-5
Let i(j) = -j**2 + 6*j - 6. Suppose 10 = 2*t + 2. What is i(t)?
2
Let s(u) be the first derivative of u**5/4 + u**4/6 + u**3/3 + u**2/2 - u - 2. Let d(y) be the first derivative of s(y). Determine d(-1).
-4
Let l(u) be the second derivative of -7/2*u**2 - 1/3*u**4 + 1/20*u**5 + 0 - 5/6*u**3 + 3*u. Let z = -12 + 17. Give l(z).
-7
Let n be ((-6)/15)/(3/(-30)). Let j(x) = 8*x**3 - x + n*x**3 - 3*x**3. Give j(-1).
-8
Let g(n) be the third derivative of n**5/15 - 6*n**2. What is g(1)?
4
Let j(b) = -65 + 65 - 19*b. Determine j(-1).
19
Let p(g) = g**3 + 3*g**2 - 6*g - 6. Let a(y) = y + 9*y - y + 2*y**2 - 14 - y**2. Let j be a(-10). What is p(j)?
2
Let b be ((-9)/(-6))/(3/4). Let w(k) = k**2 + k + 1. Suppose 5 - 13 = 2*h. Let y(x) = x**3 - 6*x**2 - 2*x - 3. Let m(a) = h*w(a) - y(a). What is m(b)?
-5
Let z(c) = 4*c**2 - 2*c + 6. Let k(m) = -5*m**2 + m - 7. Let w(s) = 3*k(s) + 4*z(s). Determine w(3).
-3
Let c(f) = 2*f**2 - 3*f - 3 + 5*f - 5*f - 3*f**2. Calculate c(-3).
-3
Let k(n) be the second derivative of -n**5/20 - n**4/2 + n**3/6 + 3*n**2/2 - 20*n. Calculate k(-6).
-3
Let f(h) be the first derivative of -1/4*h**4 - 1/3*h**3 + 0*h**2 + 2 - 4*h. Determine f(0).
-4
Let r(i) = -3*i - 4. Let c(g) = -5*g - 7. Let h(k) = -4*c(k) + 7*r(k). Let s(x) = -3*x + 2*x + 7*x. Let y(v) = 5*h(v) + s(v). Give y(-1).
-1
Let j(s) = 5 - 5 + 1 + s. Let q be 3*((-6)/(-2))/(-3). Calculate j(q).
-2
Suppose 9 = 2*s - 4*o - 7, 5*s + 2 = -4*o. Let q(i) = i**2 - i + 3*i - 2 + s - 5. Calculate q(-4).
3
Let u(l) = 2*l + 3. Let i = 16 - 13. Determine u(i).
9
Let j be (5 + (-135)/25)*-10. Let b(n) = -n**2 + 5*n - 3. Determine b(j).
1
Suppose 3*i - 4 - 5 = 0. Suppose -8*y = -i*y. Suppose -4*f - 24 = -y*f. Let a(u) = -u. Give a(f).
6
Let g(l) be the first derivative of l**2/2 - 7*l + 49. What is g(3)?
-4
Let w(v) = 2*v - 7 + 0*v - 4*v. Let g = -16 + 17. Let s be ((4 - g) + 2)*-1. What is w(s)?
3
Let s(v) = -v. Let a(r) = 0 + 0 + 0 + 1. Let f = -2 + 3. Let q(x) = f*s(x) + 4*a(x). What is q(4)?
0
Let n = 1 + 2. Let s(f) = -n*f + 2*f + f + 14 + f. Determine s(-6).
8
Let g(s) = s**3 + 3*s**2 - 3*s - 4. Suppose -3*y - a - 3*a = 17, y - a = -1. What is g(y)?
5
Let w(a) = -a**3 + 5*a**2 - a - 6. Let g be (-17 + 10/5)*(-2)/6. What is w(g)?
-11
Suppose 2*b - 7 = 1. Suppose -r - 2 = -2*h + 8, 3*h + b*r = 4. Let m(n) = n + 3. Let l(j) = j. Let u(o) = -6*l(o) + 2*m(o). Determine u(h).
-10
Let a(m) be the third derivative of m**8/3360 + m**7/2520 - m**6/360 + m**5/120 + 5*m**4/24 - 6*m**2. Let r(u) be the second derivative of a(u). What is r(1)?
2
Let c(x) be the first derivative of 7*x**3/3 - 5*x**2 + 11*x + 1. Let b(a) = -11*a**2 - 13 + 15*a - 5 + 1. Let o(r) = -5*b(r) - 8*c(r). Determine o(5).
-3
Let c(t) = -5*t**3 + t + 6. Let j(d) = 3*d**3 - d - 3. Let p(g) = g**3 - 13*g**2 - 4. Let h be p(13). Let i(k) = h*c(k) - 7*j(k). Give i(2).
-5
Let a(p) be the first derivative of 0*p**2 - 1/120*p**5 + 2/3*p**3 + 1 + 0*p + 1/6*p**4. Let q(o) be the third derivative of a(o). Determine q(0).
4
Let b(s) = -11*s**2 + 6*s - 1. Let n(k) = -k**2 + k + k**2 - k**2. Let d(o) = -b(o) + 5*n(o). Calculate d(1).
6
Let i(p) be the third derivative of p**4/24 - p**3/3 - 5*p**2. Calculate i(-6).
-8
Let n(j) = j**2 - j - 4. Let h be n(-2). Suppose q - y - 6 = 2, 0 = -h*q + y + 11. Let r(g) = -4 + 8 - g - 3*g. Determine r(q).
-8
Suppose -2*g + 2 = 2*d - 3*g, 0 = -4*g. Suppose d + 5 = 2*c. Let i(s) = s - 2. Calculate i(c).
1
Let k = -22 - -20. Let l(w) = 4*w + 3. Calculate l(k).
-5
Let g(c) = -c - 9. Let d be g(-11). Let z(t) = -2 - 5*t - 6*t**2 + 2 + 7*t**d. Let u be 7*(-1 + 13/7). What is z(u)?
6
Let g(u) = -u - 2. Let j(l) = -l**2 - 2. Let a = 20 + -18. Let s be j(a). Calculate g(s).
4
Let t(s) = -6*s**2 - s - 3. Let c(d) = d**2 - 5. Let z(h) = h**2 - 2. Let y(a) = 4*c(a) - 9*z(a). Let j(m) = 4*t(m) - 5*y(m). Calculate j(4).
-2
Let q = -75 + 72. Let m(b) = -3*b**2 - 2 + 2*b**3 - 4*b**3 + b + b**3. Give m(q).
-5
Let k(q) = q**2 + q + 1. Let t(j) = 5*j**2 + 6*j + 4. Let r(h) = 4*k(h) - t(h). Give r(-2).
0
Let r(p) be the second derivative of p**4/12 + p**3 + 3*p**2/2 + 12*p. Let c(l) = 3*l**2. Let k be c(1). Suppose -k*g = 9 + 6. Give r(g).
-2
Let k(r) = -2*r - 15. Let q be k(-7). Let b(c) = c**3 + c**2 + c + 1. Give b(q).
0
Suppose 2*u - 2*c = 8, -c = -4*u - 4*c + 51. Let y(t) = 6 + 2*t**2 - u*t**2 + t**2 - 2 + t**3. What is y(6)?
4
Let f be 4/6 + 8/6. Let a(h) = 4*h**2 - 2 - h + 0*h**2 - h**2. Determine a(f).
8
Let h(b) be the first derivative of b**4/4 + b**3/3 - b**2/2 + 16*b - 9. Determine h(0).
16
Let h(u) = u**3 - 4*u**2 - 1. Let i(p) = -7*p + 5. Let x(s) = 11*s - 8. Let v(b) = -8*i(b) - 5*x(b). Let j be v(4). Determine h(j).
-1
Suppose 2*y = -0 - 4. Let g be y + 2 + (-2 - 2). Let z(x) = x**2 + 5*x + 6. What is z(g)?
2
Let i(n) be the third derivative of -1/24*n**4 + 0*n - 1/120*n**6 - 1/12*n**5 - n**2 + 0 + 5/6*n**3. Determine i(-5).
10
Let i(m) = 21*m - 19*m - m**3 + 2 + m. Calculate i(-2).
4
Let b = -14 - -13. Let p(n) = -5*n + 1. Calculate p(b).
6
Suppose -5*j - 3*p + 21 = 0, -3*j - 1 + 6 = -2*p. Let x(q) = q + 1. Calculate x(j).
4
Suppose 0 = -5*m - h + 15, 2*m + 5*h + 0*h - 29 = 0. Let t(u) = -u + m + 5*u - 3*u. Let a = -22 + 18. Give t(a).
-2
Let c(h) = h**3 + h**2 + h + 1. Let s = 0 + 0. Suppose s = -8*q + 4*q. Let l be c(q). Let o(g) = -4*g**3. What is o(l)?
-4
Let j(s) be the first derivative of s**2/2 - 2*s - 21. Let t(c) = -c + 1. Let d be t(-2). Calculate j(d).
1
Let d(a) = -3*a + 9. Let r(n) = 1. Let p(f) = -d(f) + 6*r(f). What is p(-4)?
-15
Let d(i) = -i + 3*i + 0*i - 3 - 3*i. Determine d(-4).
1
Let f(x) = 3 - x**3 - x + 5*x**2 - 4*x**2 + 2*x**2. Calculate f(3).
0
Let k(z) = -4*z**3 + 5*z**2 - 4*z + 2. Let y(r) = -3*r**3 + 4*r**2 - 4*r + 1. Let b(p) = -4*k(p) + 5*y(p). Calculate b(-2).
-3
Let x(v) be the second derivative of -v**7/2520 + v**6/180 - v**5/30 + 3*v**4/4 - 9*v. Let k(w) be the third derivative of x(w). What is k(3)?
-1
Let n = 3 + 0. Let u(d) be the third derivative of -1/24*d**4 + 0 + 0*d + 0*d**3 + d**2. What is u(n)?
-3
Let q be (-4)/16*2*(-12)/(-3). Let j(r) be the second derivative of -r**6/240 + r**5/60 + r**4/12 - r. Let n(c) be the third derivative of j(c). Determine n(q).
8
Let q(b) be the third derivative of b**6/40 - b**3/6 + 25*b